ulate the greatest common factor of 2367 and 18.
9
What is the greatest common divisor of 19440 and 15?
15
What is the greatest common divisor of 114036 and 221?
221
Calculate the greatest common divisor of 654 and 9919.
109
Calculate the greatest common divisor of 25 and 85.
5
What is the greatest common divisor of 1751 and 34?
17
Calculate the greatest common factor of 44 and 2988.
4
What is the highest common divisor of 64 and 11328?
64
Calculate the greatest common factor of 48 and 11976.
24
Calculate the highest common factor of 17706 and 39.
39
What is the greatest common factor of 88 and 8?
8
Calculate the greatest common factor of 81 and 5751.
81
Calculate the greatest common divisor of 180 and 2412.
36
What is the highest common divisor of 275 and 4895?
55
Calculate the highest common factor of 29 and 174.
29
Calculate the highest common factor of 209 and 11.
11
What is the greatest common factor of 207 and 1403?
23
What is the greatest common factor of 3 and 24?
3
What is the greatest common factor of 92 and 621?
23
Calculate the greatest common factor of 760 and 440.
40
Calculate the greatest common factor of 6 and 6564.
6
Calculate the highest common divisor of 3 and 1185.
3
What is the highest common factor of 3525 and 225?
75
Calculate the highest common divisor of 1540 and 374.
22
Calculate the greatest common factor of 110 and 10.
10
What is the highest common divisor of 120 and 36?
12
Calculate the highest common divisor of 4 and 1024.
4
Calculate the highest common divisor of 33 and 2211.
33
Calculate the highest common factor of 1421 and 1827.
203
Calculate the highest common factor of 128 and 160.
32
What is the highest common factor of 425 and 34?
17
Calculate the greatest common divisor of 20 and 640.
20
What is the highest common factor of 4997 and 19?
19
Calculate the greatest common factor of 448 and 7.
7
Calculate the highest common factor of 330 and 1485.
165
What is the greatest common factor of 2275 and 78?
13
What is the highest common factor of 12 and 804?
12
Calculate the highest common factor of 112 and 320.
16
Calculate the highest common divisor of 1666 and 34.
34
Calculate the highest common divisor of 1305 and 522.
261
Calculate the highest common divisor of 154 and 22.
22
What is the greatest common divisor of 24 and 30?
6
Calculate the highest common factor of 25628 and 172.
172
Calculate the highest common divisor of 213 and 3.
3
Calculate the greatest common factor of 345 and 30.
15
Calculate the greatest common divisor of 3 and 484.
1
Calculate the greatest common factor of 427 and 35.
7
Calculate the greatest common factor of 1216 and 38.
38
What is the greatest common divisor of 327 and 3?
3
Calculate the highest common divisor of 4462 and 194.
194
What is the highest common divisor of 5 and 11215?
5
What is the highest common divisor of 96 and 1632?
96
Calculate the greatest common divisor of 475 and 50.
25
What is the greatest common factor of 418 and 114?
38
Calculate the highest common divisor of 9 and 4203.
9
What is the highest common factor of 1890 and 70?
70
Calculate the highest common factor of 243 and 108.
27
Calculate the greatest common divisor of 90 and 1458.
18
What is the highest common divisor of 475 and 75?
25
What is the greatest common factor of 204 and 12?
12
What is the highest common divisor of 1 and 879?
1
What is the highest common divisor of 8183 and 392?
49
What is the highest common divisor of 737 and 11?
11
Calculate the highest common divisor of 1760 and 4224.
352
Calculate the greatest common factor of 34 and 12206.
34
What is the highest common factor of 294 and 168?
42
What is the greatest common factor of 2 and 457?
1
What is the greatest common divisor of 594 and 132?
66
What is the highest common divisor of 49 and 127?
1
What is the greatest common divisor of 2368 and 1628?
148
Calculate the highest common divisor of 8 and 13816.
8
What is the highest common divisor of 7686 and 18?
18
What is the greatest common divisor of 314 and 4?
2
What is the greatest common factor of 174 and 6?
6
What is the highest common factor of 8 and 8?
8
Calculate the greatest common factor of 38 and 209.
19
What is the greatest common factor of 8214 and 6?
6
Calculate the highest common factor of 52 and 416.
52
Calculate the highest common factor of 8 and 344.
8
Calculate the greatest common divisor of 490 and 217.
7
Calculate the greatest common factor of 27 and 297.
27
What is the highest common divisor of 510 and 18?
6
Calculate the highest common divisor of 2254 and 539.
49
What is the highest common divisor of 30 and 60?
30
What is the greatest common factor of 14 and 154?
14
Calculate the highest common divisor of 99 and 77.
11
What is the greatest common factor of 708 and 2714?
118
What is the highest common divisor of 24 and 8664?
24
Calculate the greatest common factor of 10620 and 12.
12
What is the highest common divisor of 72 and 248?
8
What is the highest common divisor of 16 and 1072?
16
Calculate the highest common factor of 242 and 1408.
22
Calculate the greatest common factor of 60 and 1812.
12
Calculate the highest common divisor of 3125 and 125.
125
Calculate the highest common divisor of 3 and 7341.
3
What is the highest common divisor of 166 and 2?
2
Calculate the greatest common divisor of 40 and 32.
8
What is the highest common factor of 34 and 3706?
34
What is the greatest common divisor of 1220 and 20?
20
What is the highest common factor of 10828 and 4?
4
Calculate the highest common divisor of 11233 and 94.
47
What is the highest common factor of 119 and 17?
17
What is the highest common divisor of 3763 and 477?
53
What is the highest common factor of 58 and 638?
58
Calculate the greatest common divisor of 5 and 205.
5
Calculate the greatest common divisor of 145 and 5365.
145
Calculate the greatest common divisor of 253 and 33.
11
Calculate the greatest common factor of 13 and 18.
1
Calculate the highest common factor of 8 and 64.
8
Calculate the greatest common factor of 4 and 4.
4
What is the greatest common factor of 7544 and 16?
8
What is the greatest common divisor of 1200 and 15?
15
Calculate the greatest common factor of 56 and 18.
2
Calculate the highest common divisor of 854 and 42.
14
Calculate the highest common divisor of 430 and 460.
10
Calculate the greatest common divisor of 21 and 921.
3
Calculate the highest common divisor of 957 and 33.
33
What is the highest common factor of 398 and 8?
2
What is the highest common divisor of 252 and 180?
36
Calculate the greatest common factor of 4228 and 140.
28
What is the greatest common factor of 55974 and 114?
114
What is the greatest common factor of 261 and 232?
29
Calculate the highest common divisor of 85 and 34.
17
Calculate the highest common factor of 54 and 1818.
18
What is the greatest common divisor of 584 and 73?
73
What is the greatest common divisor of 11 and 16?
1
Calculate the highest common factor of 121 and 11.
11
Calculate the greatest common factor of 1320 and 1254.
66
What is the highest common divisor of 209 and 187?
11
Calculate the greatest common divisor of 36 and 36.
36
Calculate the highest common factor of 24 and 516.
12
Calculate the highest common divisor of 368 and 224.
16
What is the greatest common divisor of 7713 and 9?
9
Calculate the highest common divisor of 140 and 235.
5
Calculate the greatest common divisor of 3 and 2.
1
What is the highest common divisor of 1941 and 6?
3
Calculate the greatest common divisor of 15856 and 16.
16
Calculate the greatest common divisor of 312 and 1176.
24
What is the greatest common factor of 185 and 37?
37
What is the highest common factor of 44 and 36?
4
Calculate the highest common divisor of 184 and 11224.
184
What is the highest common divisor of 522 and 18?
18
Calculate the highest common divisor of 42 and 2586.
6
What is the highest common factor of 22 and 4?
2
What is the highest common factor of 3 and 219?
3
What is the highest common divisor of 64 and 27712?
64
Calculate the greatest common divisor of 875 and 140.
35
Calculate the greatest common divisor of 238 and 840.
14
Calculate the highest common factor of 80 and 1960.
40
Calculate the greatest common factor of 125 and 15.
5
Calculate the highest common factor of